culate the highest common divisor of 202576 and 176.
176
What is the highest common factor of 567 and 119259?
189
Calculate the greatest common divisor of 30107 and 847.
77
What is the greatest common divisor of 1116 and 19188?
36
What is the highest common divisor of 87854 and 20150?
806
What is the greatest common factor of 6789 and 12337?
73
What is the greatest common divisor of 17542 and 49046?
358
Calculate the greatest common factor of 5118 and 333.
3
Calculate the greatest common factor of 287848 and 66.
22
Calculate the highest common factor of 710 and 116156.
142
What is the greatest common factor of 22 and 23705?
11
Calculate the greatest common factor of 100423 and 3017.
431
What is the greatest common factor of 3990 and 3885?
105
What is the highest common divisor of 633881 and 4419?
491
What is the highest common divisor of 420 and 183855?
105
Calculate the greatest common divisor of 812 and 1563216.
116
Calculate the highest common factor of 50 and 8830.
10
What is the greatest common factor of 869 and 6197708?
869
Calculate the greatest common divisor of 962988 and 156.
156
What is the highest common divisor of 257450 and 152?
38
What is the highest common factor of 6 and 21162?
6
Calculate the greatest common divisor of 100 and 9380.
20
Calculate the greatest common divisor of 1050 and 707.
7
Calculate the greatest common divisor of 69212 and 5148.
572
What is the greatest common factor of 52 and 5711212?
52
What is the greatest common divisor of 456 and 73473?
57
What is the greatest common factor of 182 and 5590?
26
What is the highest common divisor of 798030 and 10?
10
Calculate the greatest common factor of 105 and 53529.
21
What is the highest common divisor of 801 and 2583?
9
What is the greatest common divisor of 48 and 14997?
3
What is the highest common factor of 200148 and 1924?
52
What is the greatest common factor of 5756240 and 70?
70
Calculate the highest common divisor of 1 and 27568.
1
What is the greatest common factor of 29 and 154541?
29
Calculate the greatest common factor of 2676685 and 410.
205
What is the greatest common divisor of 176 and 856724?
44
What is the greatest common factor of 7632 and 631124?
212
What is the highest common factor of 4429504 and 4?
4
What is the highest common divisor of 30 and 80340?
30
Calculate the greatest common factor of 16211 and 130806.
559
Calculate the greatest common factor of 2138374 and 798.
266
Calculate the greatest common divisor of 231 and 2233.
77
What is the highest common factor of 505 and 19291?
101
Calculate the highest common divisor of 57 and 959557.
19
Calculate the greatest common divisor of 567 and 226881.
81
Calculate the greatest common divisor of 5038 and 22946.
22
Calculate the highest common factor of 3883 and 1412.
353
Calculate the highest common factor of 25656 and 72.
24
Calculate the greatest common factor of 3352 and 13000.
8
What is the highest common factor of 362 and 543?
181
Calculate the highest common factor of 850 and 510.
170
What is the highest common factor of 24 and 4014?
6
What is the greatest common factor of 144 and 28976?
16
Calculate the highest common factor of 17527 and 60829.
1031
What is the greatest common divisor of 604392 and 3?
3
Calculate the highest common factor of 14093 and 17.
17
Calculate the greatest common factor of 1161273 and 3228.
807
Calculate the greatest common factor of 31205 and 5135.
395
What is the greatest common factor of 6 and 125876?
2
Calculate the greatest common factor of 2079 and 43362.
297
What is the highest common factor of 3848 and 988?
52
What is the highest common divisor of 32 and 556256?
32
Calculate the highest common factor of 594 and 83061.
99
What is the highest common factor of 6966 and 37754?
86
Calculate the highest common factor of 1122 and 17034.
102
Calculate the highest common factor of 6536 and 78584.
152
What is the highest common divisor of 17760 and 16320?
480
Calculate the highest common divisor of 18799 and 33.
11
Calculate the greatest common factor of 36782 and 636.
106
Calculate the highest common divisor of 240 and 63345.
15
What is the greatest common factor of 560 and 8876?
28
Calculate the highest common factor of 346151 and 39.
13
What is the highest common factor of 28578280 and 248?
248
What is the highest common factor of 780 and 5266560?
780
Calculate the greatest common factor of 10783 and 12361.
263
What is the greatest common factor of 30 and 58755?
15
Calculate the greatest common factor of 25 and 2325.
25
Calculate the highest common divisor of 45 and 587610.
45
Calculate the greatest common divisor of 4279 and 90637.
389
Calculate the greatest common factor of 11204854 and 2306.
2306
Calculate the greatest common factor of 135694 and 3978.
442
Calculate the highest common divisor of 260010 and 107.
107
What is the highest common divisor of 100194 and 96?
6
Calculate the highest common factor of 1056 and 313368.
264
What is the highest common divisor of 188 and 10951?
47
Calculate the greatest common divisor of 12 and 1239666.
6
Calculate the greatest common factor of 1715 and 86205.
35
Calculate the highest common divisor of 106945 and 5.
5
What is the highest common divisor of 1460 and 69131?
73
What is the greatest common divisor of 917 and 786?
131
Calculate the highest common divisor of 12501797 and 1603.
1603
What is the highest common divisor of 7 and 64099?
7
What is the highest common divisor of 1143038 and 26?
26
Calculate the greatest common divisor of 611 and 501349.
47
What is the highest common factor of 936 and 1520?
8
What is the greatest common factor of 272 and 62464?
16
Calculate the highest common factor of 2433 and 96.
3
Calculate the highest common divisor of 192 and 39969.
3
What is the highest common divisor of 1339 and 1703?
13
Calculate the greatest common factor of 1476 and 38745.
369
Calculate the greatest common factor of 63 and 16785.
9
What is the highest common factor of 66584 and 49?
7
Calculate the highest common divisor of 49 and 357.
7
Calculate the greatest common divisor of 454 and 6787754.
454
Calculate the greatest common divisor of 4899 and 3036.
69
What is the greatest common divisor of 27276 and 804?
12
What is the highest common divisor of 251584 and 24?
8
Calculate the greatest common divisor of 51739 and 62.
31
Calculate the greatest common divisor of 7191 and 10669.
47
What is the greatest common divisor of 10 and 10620?
10
Calculate the highest common factor of 156 and 127812.
12
What is the highest common factor of 133 and 16625?
133
Calculate the greatest common divisor of 20000 and 50.
50
Calculate the highest common factor of 8684 and 1837.
167
What is the highest common divisor of 80 and 273400?
40
Calculate the highest common divisor of 963 and 52101.
9
Calculate the greatest common divisor of 203042 and 14.
14
Calculate the highest common factor of 564415 and 628.
157
Calculate the highest common factor of 461889 and 216.
27
Calculate the greatest common factor of 59 and 2554287.
59
What is the greatest common factor of 773916 and 984?
492
Calculate the greatest common divisor of 9295 and 22880.
715
What is the highest common factor of 358 and 171482?
358
Calculate the highest common factor of 2144 and 4192.
32
What is the highest common divisor of 544916 and 322?
46
What is the greatest common factor of 174 and 24186?
174
Calculate the greatest common divisor of 4 and 30018.
2
What is the greatest common factor of 8740253 and 633?
211
What is the greatest common divisor of 277241 and 159359?
2183
Calculate the greatest common factor of 272 and 2768.
16
What is the greatest common divisor of 9222 and 742?
106
Calculate the greatest common factor of 7115916 and 36.
12
Calculate the greatest common divisor of 528 and 5918.
22
What is the greatest common factor of 1260523 and 88?
11
What is the greatest common divisor of 56 and 5992?
56
Calculate the highest common factor of 1176 and 2712.
24
What is the greatest common divisor of 2065 and 119?
7
Calculate the highest common factor of 51100 and 21.
7
What is the highest common factor of 2594 and 6076445?
1297
Calculate the greatest common factor of 570 and 91390.
190
Calculate the greatest common divisor of 19432 and 133.
7
What is the highes